836257?
8
What is the ten millions digit of 59811229?
5
What is the hundreds digit of 5839390010?
0
What is the units digit of 27106677?
7
What is the ten thousands digit of 2966485469?
8
What is the thousands digit of 5471214225?
4
What is the thousands digit of 29344980?
4
What is the thousands digit of 5508660733?
0
What is the millions digit of 296315642?
6
What is the hundreds digit of 359440256?
2
What is the ten millions digit of 978182942?
7
What is the ten thousands digit of 41850224?
5
What is the ten millions digit of 2747139188?
4
What is the units digit of 118752807?
7
What is the billions digit of 4243719384?
4
What is the billions digit of 1567302470?
1
What is the hundred thousands digit of 1961171973?
1
What is the tens digit of 227048167?
6
What is the hundred millions digit of 216841160?
2
What is the ten thousands digit of 826858220?
5
What is the hundred millions digit of 264721668?
2
What is the ten millions digit of 2432388846?
3
What is the hundred millions digit of 1090428919?
0
What is the thousands digit of 305350480?
0
What is the ten millions digit of 4110962448?
1
What is the ten thousands digit of 67978280?
7
What is the ten thousands digit of 334724493?
2
What is the tens digit of 75836018?
1
What is the tens digit of 373295600?
0
What is the tens digit of 49718532?
3
What is the millions digit of 375077921?
5
What is the hundred thousands digit of 2547424760?
4
What is the ten thousands digit of 111747806?
4
What is the tens digit of 80596432?
3
What is the tens digit of 1651298326?
2
What is the tens digit of 227357005?
0
What is the hundreds digit of 1708816611?
6
What is the hundred millions digit of 239211138?
2
What is the tens digit of 321194930?
3
What is the thousands digit of 1244794521?
4
What is the ten thousands digit of 61717703?
1
What is the hundred thousands digit of 160100941?
1
What is the billions digit of 1780901899?
1
What is the ten millions digit of 123879282?
2
What is the ten thousands digit of 837247355?
4
What is the ten thousands digit of 3551759820?
5
What is the tens digit of 619103692?
9
What is the thousands digit of 125645716?
5
What is the hundred thousands digit of 1649957307?
9
What is the ten thousands digit of 1866973959?
7
What is the units digit of 97277934?
4
What is the hundred thousands digit of 436179773?
1
What is the units digit of 188048515?
5
What is the tens digit of 664951416?
1
What is the hundred thousands digit of 662627696?
6
What is the billions digit of 1523080451?
1
What is the ten thousands digit of 57066526?
6
What is the tens digit of 44947583?
8
What is the tens digit of 24640777?
7
What is the hundred millions digit of 1819183712?
8
What is the millions digit of 631298644?
1
What is the hundred millions digit of 345788971?
3
What is the hundred millions digit of 6246086386?
2
What is the millions digit of 1197840644?
7
What is the hundreds digit of 64387707?
7
What is the millions digit of 45068609?
5
What is the ten millions digit of 185637893?
8
What is the millions digit of 54265551?
4
What is the hundreds digit of 290743775?
7
What is the ten millions digit of 238197301?
3
What is the hundred millions digit of 368202845?
3
What is the thousands digit of 82164681?
4
What is the ten thousands digit of 7650337?
5
What is the ten thousands digit of 857707560?
0
What is the units digit of 770424089?
9
What is the hundred thousands digit of 163252727?
2
What is the thousands digit of 238664540?
4
What is the millions digit of 94267875?
4
What is the ten thousands digit of 8835947051?
4
What is the tens digit of 1218659837?
3
What is the thousands digit of 148010843?
0
What is the hundred thousands digit of 3590666710?
6
What is the ten thousands digit of 99358141?
5
What is the units digit of 14902573?
3
What is the billions digit of 1870718212?
1
What is the hundreds digit of 1459500?
5
What is the ten millions digit of 125990798?
2
What is the hundreds digit of 476271613?
6
What is the ten millions digit of 64184426?
6
What is the ten millions digit of 140069769?
4
What is the millions digit of 129622694?
9
What is the hundreds digit of 101451575?
5
What is the ten millions digit of 277392958?
7
What is the hundreds digit of 153909721?
7
What is the hundred millions digit of 244665597?
2
What is the hundred millions digit of 1119170508?
1
What is the billions digit of 2048575394?
2
What is the hundreds digit of 56669927?
9
What is the hundreds digit of 465034932?
9
What is the hundred thousands digit of 155425113?
4
What is the millions digit of 31704975?
1
What is the hundred thousands digit of 160481969?
4
What is the ten millions digit of 408751594?
0
What is the hundreds digit of 174406036?
0
What is the ten thousands digit of 197884538?
8
What is the millions digit of 2360642545?
0
What is the millions digit of 82033341?
2
What is the ten thousands digit of 1624509?
2
What is the millions digit of 5090352?
5
What is the thousands digit of 168019861?
9
What is the tens digit of 18254261?
6
What is the hundred millions digit of 1983585524?
9
What is the units digit of 304070684?
4
What is the billions digit of 3526845061?
3
What is the ten millions digit of 4581458879?
8
What is the hundred thousands digit of 3948628154?
6
What is the tens digit of 4137614260?
6
What is the ten millions digit of 95020912?
9
What is the ten thousands digit of 4209266526?
6
What is the tens digit of 177449592?
9
What is the units digit of 382723874?
4
What is the millions digit of 168291138?
8
What is the tens digit of 139300490?
9
What is the units digit of 332213932?
2
What is the hundreds digit of 15681382?
3
What is the hundreds digit of 4004886922?
9
What is the ten millions digit of 214038144?
1
What is the thousands digit of 216029087?
9
What is the thousands digit of 43501149?
1
What is the ten thousands digit of 37708059?
0
What is the ten millions digit of 238262763?
3
What is the hundreds digit of 1099393595?
5
What is the units digit of 437979478?
8
What is the hundred thousands digit of 9587284?
5
What is the hundred thousands digit of 2168674244?
6
What is the tens digit of 20130939?
3
What is the thousands digit of 307571550?
1
What is the hundred thousands digit of 67147598?
1
What is the units digit of 59828151?
1
What is the ten millions digit of 100528445?
0
What is the tens digit of 742651993?
9
What is the thousands digit of 2057893578?
3
What is the ten millions digit of 434228186?
3
What is the millions digit of 350470613?
0
What is the ten thousands digit of 16835804?
3
What is the hundreds digit of 3867847683?
6
What is the tens digit of 109003402?
0
What is the ten thousands digit of 9670995?
7
What is the hundred thousands digit of 963970123?
9
What is the ten millions digit of 650820880?
5
What is the thousands digit of 584717963?
7
What is the billions digit of 4730337360?
4
What is the billions digit of 4630855717?
4
What is the hundred thousands digit of 21982317?
9
What is the ten millions digit of 731097510?
3
What is the ten thousands digit of 194663238?
6
What is the units digit of 1618749118?
8
What is the millions digit of 89111335?
9
What is the tens digit of 318553277?
7
What is the hundred millions digit of 309419241?
3
What is the tens digit of 205111707?
0
What is the millions digit of 3324886626?
4
What is the tens digit of 61189124?
2
What is the ten thousands digit of 3434322325?
2
What is the hundred thousands digit of 36628594?
6
What is the hundred thousands digit of 2973867445?
8
What is the thousands digit of 81849154?
9
What is the millions digit of 480104360?
0
What is the thousands digit of 105555108?
5
What is the ten thousands digit of 1706780249?
8
What is the thousands digit of 68080609?
0
What is the thousands digit of 44617908?
7
What is the billions digit of 2142775635?
2
What is the ten thousands digit of 108936461?
3
What is the hundred thousands digit of 4029111386?
1
What is the units digit of 1297889053?
3
What is the tens digit of 76137640?
4
What is the tens digit of 731869184?
8
What is the billions digit of 2097947820?
2
What is the hundred thousands digit of 59748613?
7
What is the ten thousands digit of 5732484?
3
What is the units digit of 445043126?
6
What is the tens digit of 60330819?
1
